vative of -j**4/4 - 4*j**3/3 + j**2/2 + 2*j + 5. What is q(-3)?
-10
Let k(n) = n - 4. Let p be (-2)/(-7) - (-33)/7. Let v be 1*(5 - (3 + -3)). Suppose -2*q = p*a - v*q - 14, 4*a - 20 = -2*q. Give k(a).
0
Suppose z = 5*t + 12, t - 14 = -3*z + 5*t. Suppose z*q = -2*q. Suppose q = -3*l - 0 + 6. Let d(p) = p**3 - p + 1. Give d(l).
7
Suppose 0*u = -3*g - 4*u - 41, -5*u = 10. Let f(o) = o**2 + 10*o - 12. What is f(g)?
-1
Let r be 2/((-4)/(-1))*0. Suppose -v - j + 6 = r, -v + 10 = -j + 6*j. Suppose 0 - v = 5*d. Let p(i) = -2*i**3 + i**2 + 2*i + 1. Calculate p(d).
2
Let m(s) be the third derivative of 0*s + 1/120*s**6 + 0 + 1/12*s**4 - 1/12*s**5 + 3*s**2 + 1/3*s**3. Let n be 2/(2/(-8)*-2). Calculate m(n).
-6
Let m(n) = 2*n - 2. Let x(d) = d + 1. Let c = 9 + -12. Let y(o) = c*x(o) + m(o). Determine y(-7).
2
Let x(z) = z**3 - 7*z**2 + 5*z + 7. Let f be x(6). Suppose 0 = -2*c - 7 - f. Let g(m) = m**3 + 3*m**2 - 2*m - 2. Give g(c).
-10
Let u(a) be the second derivative of -a**6/360 + a**5/60 - a**4/24 + 5*a**3/6 + 6*a. Let c(g) be the second derivative of u(g). Calculate c(4).
-9
Let q(j) be the third derivative of 1/2*j**3 + 0 + 0*j - 7*j**2 - 1/24*j**4. Determine q(3).
0
Let k be 0 + 3 + 0*3/12. Let h(t) = -t + 2. Let q(y) = -3*y + 7. Let d(c) = 9*h(c) - 2*q(c). What is d(k)?
-5
Let y(m) = -4*m + 2. Let o = 64 + -62. Calculate y(o).
-6
Suppose -4*a = -4*n, -5*a - n + 3 + 9 = 0. Let y(i) = -5*i + 2 - 3 + i**a - 2 + 5. What is y(2)?
-4
Let s(z) = z**2 + 8*z - 8. Let p = 17 - 25. What is s(p)?
-8
Let m(q) be the first derivative of -q**4/6 - q**3/6 + 5*q**2/2 + 10. Let l(g) be the second derivative of m(g). Calculate l(1).
-5
Suppose 8 - 10 = -2*g + 3*y, 2*g - 5*y - 6 = 0. Let a(f) = 6*f. Determine a(g).
-12
Let l(m) = m + 2. Suppose -2*x - 19 = 3*x - c, 3*c = 12. Let o(d) = -d**2 - 2*d - 3. Let p be o(x). Calculate l(p).
-4
Let a(m) = m**3 + 5*m**2 - 4*m + 4. Suppose 5*h = 2*h - 18. What is a(h)?
-8
Let c(k) = 5*k**3 - k**2 - 17*k - 1. Let u(a) = -2*a**3 + 6*a. Let f = -19 + 27. Let x(w) = f*u(w) + 3*c(w). Let q be 4*3/6 + -5. Determine x(q).
6
Let q(l) = -4*l + 3. Let t(u) = u - 1. Let b(w) = 4*q(w) + 12*t(w). What is b(5)?
-20
Let r(k) = -k - 6. Suppose 7*v = -38 - 11. What is r(v)?
1
Let i = -112 + 114. Let x(m) = 3*m + 1. What is x(i)?
7
Let z(x) be the third derivative of x**6/30 + x**5/30 - x**4/12 - x**3/6 + 36*x**2. Calculate z(-2).
-21
Let l = 9 + -10. Suppose 14 = 3*g + 5*b - 2, -3*g + 2*b = -2. Let u(p) = 6*p**2 - 2*p + p - 3*p**g. Give u(l).
4
Let p(c) = -13*c**2 + 3*c + 13. Let l(h) = 3*h**2 - h - 3. Let o(g) = 9*l(g) + 2*p(g). Let y be 1/2*(-1 - -15). Suppose -9 = -4*j + y. Give o(j).
3
Suppose 5*h + 34 = 9. Let s(q) = q**3 + 4*q**2 - 6*q - 1. What is s(h)?
4
Let x = 9 + -15. Let o(t) = -t**3 - 5*t**2 + 4*t - 8. Give o(x).
4
Let p(c) = -c + 7. Let b be p(5). Let r(y) = 3*y**b - 1 - 5*y**2 + y**2 + 4*y. What is r(2)?
3
Suppose -4*q = 9 - 45. Let m be 12/q + (-2)/(-3). Let z(b) = -2*b**2 + b - 2. Calculate z(m).
-8
Let v = -94 - -97. Let z(i) = i**2 - i + 4. Determine z(v).
10
Let y be ((-2)/(-7))/((-3)/(-21)). Let n(k) = -k**2 - 4 + y - k + 3*k. Let p be 16/10 + 12/30. Determine n(p).
-2
Let h be (-1)/(-1) - 4/(-4). Let d(i) = 1 - i - 2 + 2 + 7*i**h. Let o = 4 + -3. Calculate d(o).
7
Let r(p) = 2*p**2 + 8*p - 6. Let q be r(-5). Let c(u) = -4 + 5 - q - 2*u - 1. What is c(-4)?
4
Let v(w) = -3*w + 19. Let l be v(9). Let g(y) = -y**2 - 8*y - 5. Calculate g(l).
-5
Let m(g) be the third derivative of 0 + 1/12*g**4 + 1/3*g**3 - 2*g**2 + 0*g. What is m(-3)?
-4
Suppose 5*y = 4*i - 13, 0 = -2*y - 0 - 2. Suppose 0*q = -4*u + q + 20, 0 = 3*u - 2*q - 10. Let a(o) = -i + 5*o + 4*o - u*o. Determine a(3).
7
Suppose -8*l + 22 = 78. Let t(p) = p**2 + 8*p + 3. What is t(l)?
-4
Let y(c) be the second derivative of -c**3/3 - 2*c**2 + c. Let f be 2*(-1)/1*-5. Suppose 15 = 5*r - f*r. Calculate y(r).
2
Let f(x) = -13*x**3 + x**2 - 1. Let o(j) = j**2 + 13*j - 13. Let y be o(-14). Let d be (-3 + y + 1)/1. Give f(d).
13
Let x(b) = -32*b**2 + 16. Let i(n) = -n**2 + 1. Let t(j) = -5*i(j) + x(j). Let p(a) = -13*a**2 + 5. Let h(u) = -13*p(u) + 6*t(u). What is h(-1)?
8
Let y be (-1 - (-2 + 0))*2. Let n(v) = v**2 + 3*v + 3. Let p be n(-2). Let i be -1 + (p - y/1). Let b(w) = 2*w**2 + w. Calculate b(i).
6
Let y(j) = j**3 - j**2 - j + 2. Let l = -8 + 8. Suppose 4*z - 6 - 6 = l. Suppose -8 = -k - 4*w + 8, 12 = z*k + 3*w. Determine y(k).
2
Let p(a) = -6*a**3 - a**2 + 1. Let r be p(-1). Let q = r + -4. Let u(c) = 2*c - 1. Determine u(q).
3
Let b be 2/((-2)/(-3) - 0). Let h(v) = -1 + 3 - b - 2*v**2 + 3*v**2. Calculate h(-2).
3
Let f(j) be the third derivative of -j**4/8 - j**3/6 - 3*j**2. Let v(k) = -k. Let n(r) = -2*f(r) + 5*v(r). Give n(-5).
-3
Let l(d) = -d**3 - d**2 + d. Suppose 5 = z + 2. Suppose 3*r - 4*a = 19, 5*r + 8 + z = -4*a. Calculate l(r).
-1
Suppose 3*q = 80 - 20. Suppose -3*p = p + q. Let r(v) be the first derivative of v**2 + 6*v + 1. Calculate r(p).
-4
Let p(d) = -d - d + 2*d + d + 9. Calculate p(0).
9
Let t(k) = -4*k**2 + 1 + 3*k**2 + 0*k - 4 - k. Determine t(0).
-3
Let x(g) = -g**3 + 12*g**2 + 1. Let t(a) = -a. Let i be t(2). Let c = -2 + -7. Let m(j) = -3*j**2. Let k(z) = c*m(z) + i*x(z). What is k(-2)?
-6
Suppose 0 = 3*x - 3*n + 9, -x - 2*x = -4*n + 10. Let m(q) be the second derivative of -2*q**3/3 - q**2/2 - q. Calculate m(x).
7
Let c = -4 - 0. Let u(q) = 5*q**2 - 2*q. Let x(s) = 9*s**2 - 4*s. Let p(g) = -11*u(g) + 6*x(g). Give p(c).
-8
Let k(m) = -3*m**3 - 2*m**2 + 1. Let r be (-14)/35*(-10)/(-4). Calculate k(r).
2
Let b(z) = -3*z - 19. Let m(f) = -5*f - 9. Let h(s) = s. Let p(v) = 4*h(v) + m(v). Let r(u) = -2*b(u) + 5*p(u). Determine r(0).
-7
Let u(p) be the third derivative of p**7/1680 - p**6/240 - p**5/20 - 2*p**2. Let f(t) be the third derivative of u(t). Give f(2).
3
Let x(y) be the third derivative of -y**6/120 + y**5/12 - y**4/8 - y**3/2 + 5*y**2. What is x(3)?
6
Let a(b) = -5*b**2 + 16*b + 25. Let s(x) = -3*x**2 + 8*x + 13. Let r(g) = -4*a(g) + 7*s(g). What is r(-7)?
-2
Let c(a) = -a**2 - 3*a - 1. Let j(g) = -g**3 + g**2 - g - 2. Let v be j(0). What is c(v)?
1
Let y(g) = 3*g**2 + 6*g - 2. Let b(a) = 5*a**2 + 11*a - 3. Let v(s) = -4*b(s) + 7*y(s). Calculate v(4).
6
Let c(v) be the third derivative of v**4/6 + 5*v**3/6 + 3*v**2. Calculate c(-4).
-11
Let y(k) be the second derivative of -k**4/12 - k**3/6 + 3*k**2/2 + k. What is y(-3)?
-3
Let g(o) = 5*o**2 + 20*o + 31. Let u(i) = i**2 + 4*i + 6. Let z(q) = -2*g(q) + 11*u(q). What is z(-4)?
4
Let b be 23/5 - 8/(-20). Suppose -t + 4*u - 11 = 2*t, 4*t - b*u = -13. Suppose t*z - 8 - 7 = 0. Let w(p) = p - 6. Calculate w(z).
-1
Let r(b) = 2*b - 3. Suppose -4*k + 2 = -u - 1, -3*k = 3*u - 21. What is r(k)?
1
Let q(z) = -7*z**2 - 9. Let o(s) = s**2 - 1. Let p(l) = 6*o(l) + q(l). Determine p(0).
-15
Let b(x) = -x + 3. Let q = 6 + -2. Calculate b(q).
-1
Let x(k) = 9*k. Let u be x(1). Suppose 0*j = 3*j - u. Let z(s) = -s. Let i(l) = 1. Let y(h) = -6*i(h) - z(h). Determine y(j).
-3
Let y(h) = -h**3 + 5*h**2 - 4*h + 6. Suppose 3*c = 6*c - 12. Let x be y(c). Let q(w) = -w**3 + 5*w**2 + 7*w. Give q(x).
6
Let f(v) = -3*v**3 + 7*v**2 - 3*v - 4. Let q(i) = -3*i**3 + 6*i**2 - 3*i - 3. Let b(w) = -5*f(w) + 6*q(w). What is b(2)?
-24
Let d(h) = 3*h**2 - 4*h - 4. Let l(k) = k**2 + k. Let i(q) = -d(q) + 2*l(q). What is i(6)?
4
Let g(b) be the third derivative of 0 + 0*b - 1/6*b**3 + 2*b**2 + 1/8*b**4. What is g(-1)?
-4
Let i(b) = -6*b**2 - 1. Suppose 10 = 5*c + 5. What is i(c)?
-7
Let g be 9/6*(2 + 0). Let u(c) = c - g*c + c**3 + 2*c**2 + 1 + 5*c**3. Determine u(1).
7
Let h be (-3)/(12/8 - 0). Let f(z) = 2*z + 4. Let c(v) = -7*v - 11. Let k(g) = 4*c(g) + 11*f(g). What is k(h)?
12
Let g(q) = q**2 + 9*q - 2. Let v be g(-9). Let n(k) = k**2 - 2*k - 3. Let j be n(v). Let z(d) = d**2 - 6*d + 7. Determine z(j).
2
Suppose 5*r + 0 = 10. Suppose 0 = 5*w + 11 - 36, 0 = -r*z - 5*w + 27. Let s(i) = 2 - z - 2*i - 2*i. What is s(-1)?
5
Let n(f) = 8*f - 8. Let z(u) = 3*u - 3. Suppose a + 21 = 2*k, 0 = 3*k + 5*a - 31 - 7. Let m(l) = k*z(l) - 4*n(l). Give m(0).
-1
Let l(c) = c**2 - 7*c - 6. Let g(h) = -3*h**2 + 20*h + 17. Let v(p) = -4*g(p) - 11*l(p). Let r(m) = m**3 - 5*m**2 + m - 7. Let f be r(5). Calculate v(f).
8
Suppose -j = -0*j + 1